{"id":1663,"date":"2019-10-31T10:05:05","date_gmt":"2019-10-31T09:05:05","guid":{"rendered":"https:\/\/www.setmax2.vot.pl\/index.php\/home\/"},"modified":"2024-01-24T00:39:39","modified_gmt":"2024-01-23T23:39:39","slug":"strona-glowna","status":"publish","type":"page","link":"https:\/\/www.geo-komp.pl\/","title":{"rendered":"Strona G\u0142\u00f3wna"},"content":{"rendered":"\t\t<div data-elementor-type=\"wp-page\" data-elementor-id=\"1663\" class=\"elementor elementor-1663\">\n\t\t\t\t\t\t\t\t\t<section class=\"elementor-section elementor-top-section elementor-element elementor-element-11bfd858 elementor-section-boxed elementor-section-height-default elementor-section-height-default\" data-id=\"11bfd858\" data-element_type=\"section\" data-settings=\"{&quot;background_background&quot;:&quot;classic&quot;,&quot;_ha_eqh_enable&quot;:false}\">\n\t\t\t\t\t\t\t<div class=\"elementor-background-overlay\"><\/div>\n\t\t\t\t\t\t\t<div class=\"elementor-container elementor-column-gap-no\">\n\t\t\t\t\t<div class=\"elementor-column elementor-col-100 elementor-top-column elementor-element elementor-element-f964883\" data-id=\"f964883\" data-element_type=\"column\">\n\t\t\t<div class=\"elementor-widget-wrap elementor-element-populated\">\n\t\t\t\t\t\t\t\t<div class=\"elementor-element elementor-element-32519a66 elementor-widget elementor-widget-heading\" data-id=\"32519a66\" data-element_type=\"widget\" data-widget_type=\"heading.default\">\n\t\t\t\t<div class=\"elementor-widget-container\">\n\t\t\t<style>\/*! elementor - v3.11.3 - 07-03-2023 *\/\n.elementor-heading-title{padding:0;margin:0;line-height:1}.elementor-widget-heading .elementor-heading-title[class*=elementor-size-]>a{color:inherit;font-size:inherit;line-height:inherit}.elementor-widget-heading .elementor-heading-title.elementor-size-small{font-size:15px}.elementor-widget-heading .elementor-heading-title.elementor-size-medium{font-size:19px}.elementor-widget-heading .elementor-heading-title.elementor-size-large{font-size:29px}.elementor-widget-heading .elementor-heading-title.elementor-size-xl{font-size:39px}.elementor-widget-heading .elementor-heading-title.elementor-size-xxl{font-size:59px}<\/style><h2 class=\"elementor-heading-title elementor-size-default\"><br>Dostawca internetu \u015bwiat\u0142owodowego i bezprzewodowego<br><i><span style=\"color: rgb(255, 255, 255); font-family: Blinker, sans-serif; font-size: 24px; white-space-collapse: collapse;\">Do\u0142\u0105cz do nas ju\u017c teraz! Oferujemy najlepsz\u0105 jako\u015b\u0107 internetu \u015bwiat\u0142owodowego i bezprzewodowego. Zapoznaj si\u0119 z nasz\u0105 ofert\u0105 i ciesz si\u0119 niezawodnym dost\u0119pem do ulubionych witryn.&nbsp;<\/span><\/i><\/h2>\t\t<\/div>\n\t\t\t\t<\/div>\n\t\t\t\t<div class=\"elementor-element elementor-element-936cfcb elementor-widget__width-initial elementor-widget elementor-widget-text-editor\" data-id=\"936cfcb\" data-element_type=\"widget\" data-widget_type=\"text-editor.default\">\n\t\t\t\t<div class=\"elementor-widget-container\">\n\t\t\t<style>\/*! elementor - v3.11.3 - 07-03-2023 *\/\n.elementor-widget-text-editor.elementor-drop-cap-view-stacked .elementor-drop-cap{background-color:#818a91;color:#fff}.elementor-widget-text-editor.elementor-drop-cap-view-framed .elementor-drop-cap{color:#818a91;border:3px solid;background-color:transparent}.elementor-widget-text-editor:not(.elementor-drop-cap-view-default) .elementor-drop-cap{margin-top:8px}.elementor-widget-text-editor:not(.elementor-drop-cap-view-default) .elementor-drop-cap-letter{width:1em;height:1em}.elementor-widget-text-editor .elementor-drop-cap{float:left;text-align:center;line-height:1;font-size:50px}.elementor-widget-text-editor .elementor-drop-cap-letter{display:inline-block}<\/style>\t\t\t\t<h4 style=\"text-align: left;\"><br><\/h4>\n<h2 data-elementor-setting-key=\"title\" data-pen-placeholder=\"Pisz tutaj...\" style=\"font-style: normal; font-weight: var( --e-global-typography-primary-font-weight ); margin-bottom: 0px; color: rgb(66, 88, 255); font-family: var( --e-global-typography-primary-font-family ), Sans-serif; text-shadow: rgb(0, 0, 0) 0px 0px 3px; letter-spacing: normal; word-spacing: 0px;\">Instalacja internetu \u015bwiat\u0142owodowego Klimk\u00f3wka<\/h2>\n<h5 style=\"text-align: left;\"><span style=\"color: #ffffff;\"><i>Trwaj\u0105 zaawansowane prace intalacyjne, kt\u00f3re obejmuj\u0105 wykonanie sieci \u015bwiat\u0142owodowej oraz uruchamianie us\u0142ug w miejscowo\u015bci Klimk\u00f3wka. Ci mieszka\u0144cy,&nbsp; u kt\u00f3rych na s\u0142upach znajduje si\u0119 ju\u017c linia kablowa mog\u0105&nbsp; potwierdza\u0107 ch\u0119\u0107 wykonania przy\u0142\u0105cza oraz uruchomienia us\u0142ug szerokopasmowego internetu lub telewizji \u015bwiat\u0142owodowej. Zainteresowanych prosimy o kontakt.<br><\/i><\/span><\/h5>\t\t\t\t\t\t<\/div>\n\t\t\t\t<\/div>\n\t\t\t\t<div class=\"elementor-element elementor-element-46de1ab8 elementor-align-left elementor-widget elementor-widget-button\" data-id=\"46de1ab8\" data-element_type=\"widget\" data-widget_type=\"button.default\">\n\t\t\t\t<div class=\"elementor-widget-container\">\n\t\t\t\t\t<div class=\"elementor-button-wrapper\">\n\t\t\t<a href=\"https:\/\/www.speedtest.net\/\" class=\"elementor-button-link elementor-button elementor-size-sm elementor-animation-grow\" role=\"button\">\n\t\t\t\t\t\t<span class=\"elementor-button-content-wrapper\">\n\t\t\t\t\t\t\t<span class=\"elementor-button-icon elementor-align-icon-left\">\n\t\t\t\t<i aria-hidden=\"true\" class=\"fas fa-clock\"><\/i>\t\t\t<\/span>\n\t\t\t\t\t\t<span class=\"elementor-button-text\">Test szybko\u015bci<\/span>\n\t\t<\/span>\n\t\t\t\t\t<\/a>\n\t\t<\/div>\n\t\t\t\t<\/div>\n\t\t\t\t<\/div>\n\t\t\t\t\t<\/div>\n\t\t<\/div>\n\t\t\t\t\t\t\t<\/div>\n\t\t<\/section>\n\t\t\t\t<section class=\"elementor-section elementor-top-section elementor-element elementor-element-30dc01f elementor-section-boxed elementor-section-height-default elementor-section-height-default\" data-id=\"30dc01f\" data-element_type=\"section\" data-settings=\"{&quot;background_background&quot;:&quot;classic&quot;,&quot;_ha_eqh_enable&quot;:false}\">\n\t\t\t\t\t\t<div class=\"elementor-container elementor-column-gap-wider\">\n\t\t\t\t\t<div class=\"elementor-column elementor-col-33 elementor-top-column elementor-element elementor-element-025fb5a\" data-id=\"025fb5a\" data-element_type=\"column\">\n\t\t\t<div class=\"elementor-widget-wrap elementor-element-populated\">\n\t\t\t\t\t\t\t\t<div class=\"elementor-element elementor-element-5cec5e8 elementor-widget elementor-widget-image\" data-id=\"5cec5e8\" data-element_type=\"widget\" data-widget_type=\"image.default\">\n\t\t\t\t<div class=\"elementor-widget-container\">\n\t\t\t<style>\/*! elementor - v3.11.3 - 07-03-2023 *\/\n.elementor-widget-image{text-align:center}.elementor-widget-image a{display:inline-block}.elementor-widget-image a img[src$=\".svg\"]{width:48px}.elementor-widget-image img{vertical-align:middle;display:inline-block}<\/style>\t\t\t\t\t\t\t\t\t\t\t\t<img loading=\"lazy\" decoding=\"async\" width=\"1000\" height=\"1000\" src=\"https:\/\/www.geo-komp.pl\/wp-content\/uploads\/2023\/03\/czlowiek_z_logo_wifi.png\" class=\"elementor-animation-grow attachment-full size-full wp-image-1713\" alt=\"\" srcset=\"https:\/\/www.geo-komp.pl\/wp-content\/uploads\/2023\/03\/czlowiek_z_logo_wifi.png 1000w, https:\/\/www.geo-komp.pl\/wp-content\/uploads\/2023\/03\/czlowiek_z_logo_wifi-300x300.png 300w, https:\/\/www.geo-komp.pl\/wp-content\/uploads\/2023\/03\/czlowiek_z_logo_wifi-150x150.png 150w, https:\/\/www.geo-komp.pl\/wp-content\/uploads\/2023\/03\/czlowiek_z_logo_wifi-768x768.png 768w\" sizes=\"auto, (max-width: 1000px) 100vw, 1000px\" \/>\t\t\t\t\t\t\t\t\t\t\t\t\t\t\t<\/div>\n\t\t\t\t<\/div>\n\t\t\t\t\t<\/div>\n\t\t<\/div>\n\t\t\t\t<div class=\"elementor-column elementor-col-66 elementor-top-column elementor-element elementor-element-3b867f6\" data-id=\"3b867f6\" data-element_type=\"column\">\n\t\t\t<div class=\"elementor-widget-wrap elementor-element-populated\">\n\t\t\t\t\t\t\t\t<div class=\"elementor-element elementor-element-cee3335 elementor-widget elementor-widget-heading\" data-id=\"cee3335\" data-element_type=\"widget\" data-widget_type=\"heading.default\">\n\t\t\t\t<div class=\"elementor-widget-container\">\n\t\t\t<h2 class=\"elementor-heading-title elementor-size-default\">\u015awiat\u0142ow\u00f3d instalacje<\/h2>\t\t<\/div>\n\t\t\t\t<\/div>\n\t\t\t\t<div class=\"elementor-element elementor-element-be8914c elementor-widget elementor-widget-heading\" data-id=\"be8914c\" data-element_type=\"widget\" data-widget_type=\"heading.default\">\n\t\t\t\t<div class=\"elementor-widget-container\">\n\t\t\t<h3 class=\"elementor-heading-title elementor-size-default\">- Najszybszy internet bezprzewodowy<\/h3>\t\t<\/div>\n\t\t\t\t<\/div>\n\t\t\t\t<div class=\"elementor-element elementor-element-e29df18 elementor-widget elementor-widget-text-editor\" data-id=\"e29df18\" data-element_type=\"widget\" data-widget_type=\"text-editor.default\">\n\t\t\t\t<div class=\"elementor-widget-container\">\n\t\t\t\t\t\t\t<p>Rozpoczynamy instalacj\u0119 internetu \u015bwiat\u0142owodowego w miejscowo\u015bciach: <br \/>Wietrzno oraz Rogi ul. Dworska. W najbli\u017cszym terminie tak\u017ce w R\u00f3wnym. <br \/>Zainteresowane osoby prosimy o kontakt:<\/p><ul><li>kom: 793 018 397<\/li><li>e-mail: e-mail: admin@geo-komp.pl<\/li><\/ul>\t\t\t\t\t\t<\/div>\n\t\t\t\t<\/div>\n\t\t\t\t\t<\/div>\n\t\t<\/div>\n\t\t\t\t\t\t\t<\/div>\n\t\t<\/section>\n\t\t\t\t<section class=\"elementor-section elementor-top-section elementor-element elementor-element-14956f3 elementor-section-content-middle elementor-section-boxed elementor-section-height-default elementor-section-height-default\" data-id=\"14956f3\" data-element_type=\"section\" data-settings=\"{&quot;shape_divider_top&quot;:&quot;pyramids&quot;,&quot;_ha_eqh_enable&quot;:false}\">\n\t\t\t\t\t\t\t<div class=\"elementor-background-overlay\"><\/div>\n\t\t\t\t\t\t<div class=\"elementor-shape elementor-shape-top\" data-negative=\"false\">\n\t\t\t<svg xmlns=\"http:\/\/www.w3.org\/2000\/svg\" viewBox=\"0 0 1000 100\" preserveAspectRatio=\"none\">\n\t<path class=\"elementor-shape-fill\" d=\"M761.9,44.1L643.1,27.2L333.8,98L0,3.8V0l1000,0v3.9\"\/>\n<\/svg>\t\t<\/div>\n\t\t\t\t\t<div class=\"elementor-container elementor-column-gap-no\">\n\t\t\t\t\t<div class=\"elementor-column elementor-col-33 elementor-top-column elementor-element elementor-element-3bd544a0\" data-id=\"3bd544a0\" data-element_type=\"column\">\n\t\t\t<div class=\"elementor-widget-wrap elementor-element-populated\">\n\t\t\t\t\t\t\t\t<div class=\"elementor-element elementor-element-6559e27a elementor-invisible elementor-widget elementor-widget-heading\" data-id=\"6559e27a\" data-element_type=\"widget\" data-settings=\"{&quot;_animation&quot;:&quot;fadeIn&quot;}\" data-widget_type=\"heading.default\">\n\t\t\t\t<div class=\"elementor-widget-container\">\n\t\t\t<h3 class=\"elementor-heading-title elementor-size-default\">Gwarancja niezawodnego dost\u0119pu do internetu<\/h3>\t\t<\/div>\n\t\t\t\t<\/div>\n\t\t\t\t<div class=\"elementor-element elementor-element-56f2a7ad elementor-widget elementor-widget-image\" data-id=\"56f2a7ad\" data-element_type=\"widget\" data-widget_type=\"image.default\">\n\t\t\t\t<div class=\"elementor-widget-container\">\n\t\t\t\t\t\t\t\t\t\t\t\t\t\t\t<img loading=\"lazy\" decoding=\"async\" width=\"702\" height=\"1024\" src=\"https:\/\/www.geo-komp.pl\/wp-content\/uploads\/2023\/03\/drawing-design-paper-2619630-702x1024.jpg\" class=\"elementor-animation-grow attachment-large size-large wp-image-2162\" alt=\"drawing, design, paper-2619630.jpg\" srcset=\"https:\/\/www.geo-komp.pl\/wp-content\/uploads\/2023\/03\/drawing-design-paper-2619630-702x1024.jpg 702w, https:\/\/www.geo-komp.pl\/wp-content\/uploads\/2023\/03\/drawing-design-paper-2619630-206x300.jpg 206w, https:\/\/www.geo-komp.pl\/wp-content\/uploads\/2023\/03\/drawing-design-paper-2619630-768x1121.jpg 768w, https:\/\/www.geo-komp.pl\/wp-content\/uploads\/2023\/03\/drawing-design-paper-2619630.jpg 877w\" sizes=\"auto, (max-width: 702px) 100vw, 702px\" \/>\t\t\t\t\t\t\t\t\t\t\t\t\t\t\t<\/div>\n\t\t\t\t<\/div>\n\t\t\t\t\t<\/div>\n\t\t<\/div>\n\t\t\t\t<div class=\"elementor-column elementor-col-33 elementor-top-column elementor-element elementor-element-6c1a5a21\" data-id=\"6c1a5a21\" data-element_type=\"column\">\n\t\t\t<div class=\"elementor-widget-wrap elementor-element-populated\">\n\t\t\t\t\t\t\t\t<div class=\"elementor-element elementor-element-43a81863 elementor-widget elementor-widget-image\" data-id=\"43a81863\" data-element_type=\"widget\" data-widget_type=\"image.default\">\n\t\t\t\t<div class=\"elementor-widget-container\">\n\t\t\t\t\t\t\t\t\t\t\t\t\t\t\t<img loading=\"lazy\" decoding=\"async\" width=\"600\" height=\"700\" src=\"https:\/\/www.geo-komp.pl\/wp-content\/uploads\/2023\/03\/u7.jpg\" class=\"elementor-animation-grow attachment-large size-large wp-image-2153\" alt=\"\" srcset=\"https:\/\/www.geo-komp.pl\/wp-content\/uploads\/2023\/03\/u7.jpg 600w, https:\/\/www.geo-komp.pl\/wp-content\/uploads\/2023\/03\/u7-257x300.jpg 257w\" sizes=\"auto, (max-width: 600px) 100vw, 600px\" \/>\t\t\t\t\t\t\t\t\t\t\t\t\t\t\t<\/div>\n\t\t\t\t<\/div>\n\t\t\t\t<div class=\"elementor-element elementor-element-3e446930 elementor-invisible elementor-widget elementor-widget-text-editor\" data-id=\"3e446930\" data-element_type=\"widget\" data-settings=\"{&quot;_animation&quot;:&quot;fadeIn&quot;}\" data-widget_type=\"text-editor.default\">\n\t\t\t\t<div class=\"elementor-widget-container\">\n\t\t\t\t\t\t\t<p><strong><br \/>Bezpiecze\u0144stwo przegl\u0105dania internetu.<br \/><\/strong><\/p><p>Coraz wi\u0119cej os\u00f3b z roku na rok decyduje si\u0119 na monta\u017c \u015bwiat\u0142owodu w domu lub firmie. Nic dziwnego \u2013 zalety takiego rozwi\u0105zania s\u0105 oczywiste. Wiele os\u00f3b zadaje sobie jednak pytanie \u2013 czy po\u0142\u0105czenie jest bezpieczne. Tutaj r\u00f3wnie\u017c nie ma w\u0105tpliwo\u015bci \u2013 nie wyst\u0119puj\u0105 \u017cadne przes\u0142anki, kt\u00f3re mog\u0142yby sprawi\u0107, \u017ce internet \u015bwiat\u0142owodowy b\u0119dzie nie\u015b\u0107 za sob\u0105 jakie\u015b ryzyko.<\/p>\t\t\t\t\t\t<\/div>\n\t\t\t\t<\/div>\n\t\t\t\t\t<\/div>\n\t\t<\/div>\n\t\t\t\t<div class=\"elementor-column elementor-col-33 elementor-top-column elementor-element elementor-element-6dcfb87c\" data-id=\"6dcfb87c\" data-element_type=\"column\">\n\t\t\t<div class=\"elementor-widget-wrap elementor-element-populated\">\n\t\t\t\t\t\t\t\t<div class=\"elementor-element elementor-element-2282dfd9 elementor-widget elementor-widget-image\" data-id=\"2282dfd9\" data-element_type=\"widget\" data-widget_type=\"image.default\">\n\t\t\t\t<div class=\"elementor-widget-container\">\n\t\t\t\t\t\t\t\t\t\t\t\t\t\t\t<img loading=\"lazy\" decoding=\"async\" width=\"800\" height=\"1061\" src=\"https:\/\/www.geo-komp.pl\/wp-content\/uploads\/2023\/03\/swiatlowodblackandwhite.jpg\" class=\"elementor-animation-grow attachment-full size-full wp-image-2163\" alt=\"\" srcset=\"https:\/\/www.geo-komp.pl\/wp-content\/uploads\/2023\/03\/swiatlowodblackandwhite.jpg 800w, https:\/\/www.geo-komp.pl\/wp-content\/uploads\/2023\/03\/swiatlowodblackandwhite-226x300.jpg 226w, https:\/\/www.geo-komp.pl\/wp-content\/uploads\/2023\/03\/swiatlowodblackandwhite-772x1024.jpg 772w, https:\/\/www.geo-komp.pl\/wp-content\/uploads\/2023\/03\/swiatlowodblackandwhite-768x1019.jpg 768w\" sizes=\"auto, (max-width: 800px) 100vw, 800px\" \/>\t\t\t\t\t\t\t\t\t\t\t\t\t\t\t<\/div>\n\t\t\t\t<\/div>\n\t\t\t\t<div class=\"elementor-element elementor-element-8ff8c5b elementor-invisible elementor-widget elementor-widget-text-editor\" data-id=\"8ff8c5b\" data-element_type=\"widget\" data-settings=\"{&quot;_animation&quot;:&quot;fadeIn&quot;}\" data-widget_type=\"text-editor.default\">\n\t\t\t\t<div class=\"elementor-widget-container\">\n\t\t\t\t\t\t\t<p><strong>Instalacja Internetu \u015awiat\u0142owodowego.<br \/><\/strong><\/p><p>Internet \u015bwiat\u0142owodowy to najnowsza technologia, kt\u00f3ra pozwala na szybkie i wydajne po\u0142\u0105czenie z sieci\u0105 internetow\u0105. Je\u015bli szukasz szybkiego, niezawodnego i wydajnego rozwi\u0105zania dla swojego biura lub domu, instalacja internetu \u015bwiat\u0142owodowego jest doskona\u0142ym wyborem.<\/p>\t\t\t\t\t\t<\/div>\n\t\t\t\t<\/div>\n\t\t\t\t\t<\/div>\n\t\t<\/div>\n\t\t\t\t\t\t\t<\/div>\n\t\t<\/section>\n\t\t\t\t<section class=\"elementor-section elementor-top-section elementor-element elementor-element-fb167eb elementor-section-boxed elementor-section-height-default elementor-section-height-default\" data-id=\"fb167eb\" data-element_type=\"section\" data-settings=\"{&quot;background_background&quot;:&quot;classic&quot;,&quot;_ha_eqh_enable&quot;:false}\">\n\t\t\t\t\t\t\t<div class=\"elementor-background-overlay\"><\/div>\n\t\t\t\t\t\t\t<div class=\"elementor-container elementor-column-gap-default\">\n\t\t\t\t\t<div class=\"elementor-column elementor-col-100 elementor-top-column elementor-element elementor-element-0158997\" data-id=\"0158997\" data-element_type=\"column\">\n\t\t\t<div class=\"elementor-widget-wrap\">\n\t\t\t\t\t\t\t\t\t<\/div>\n\t\t<\/div>\n\t\t\t\t\t\t\t<\/div>\n\t\t<\/section>\n\t\t\t\t<section class=\"elementor-section elementor-top-section elementor-element elementor-element-522ad664 elementor-section-content-middle elementor-section-boxed elementor-section-height-default elementor-section-height-default\" data-id=\"522ad664\" data-element_type=\"section\" data-settings=\"{&quot;background_background&quot;:&quot;classic&quot;,&quot;_ha_eqh_enable&quot;:false}\">\n\t\t\t\t\t\t\t<div class=\"elementor-background-overlay\"><\/div>\n\t\t\t\t\t\t\t<div class=\"elementor-container elementor-column-gap-wider\">\n\t\t\t\t\t<div class=\"elementor-column elementor-col-100 elementor-top-column elementor-element elementor-element-400d7e54\" data-id=\"400d7e54\" data-element_type=\"column\">\n\t\t\t<div class=\"elementor-widget-wrap elementor-element-populated\">\n\t\t\t\t\t\t\t\t<div class=\"elementor-element elementor-element-47b4c51b elementor-widget elementor-widget-heading\" data-id=\"47b4c51b\" data-element_type=\"widget\" data-widget_type=\"heading.default\">\n\t\t\t\t<div class=\"elementor-widget-container\">\n\t\t\t<h2 class=\"elementor-heading-title elementor-size-default\">Niezawodny internet ka\u017cdego dnia <\/h2>\t\t<\/div>\n\t\t\t\t<\/div>\n\t\t\t\t<div class=\"elementor-element elementor-element-311f3918 elementor-widget elementor-widget-text-editor\" data-id=\"311f3918\" data-element_type=\"widget\" data-widget_type=\"text-editor.default\">\n\t\t\t\t<div class=\"elementor-widget-container\">\n\t\t\t\t\t\t\t<p>Nie czekaj i do\u0142\u0105cz do nas ju\u017c dzi\u015b!<\/p>\t\t\t\t\t\t<\/div>\n\t\t\t\t<\/div>\n\t\t\t\t\t<\/div>\n\t\t<\/div>\n\t\t\t\t\t\t\t<\/div>\n\t\t<\/section>\n\t\t\t\t<section class=\"elementor-section elementor-top-section elementor-element elementor-element-618f6244 elementor-section-content-middle elementor-section-boxed elementor-section-height-default elementor-section-height-default\" data-id=\"618f6244\" data-element_type=\"section\" data-settings=\"{&quot;_ha_eqh_enable&quot;:false}\">\n\t\t\t\t\t\t<div class=\"elementor-container elementor-column-gap-no\">\n\t\t\t\t\t<div class=\"elementor-column elementor-col-50 elementor-top-column elementor-element elementor-element-7e96d9c0\" data-id=\"7e96d9c0\" data-element_type=\"column\">\n\t\t\t<div class=\"elementor-widget-wrap elementor-element-populated\">\n\t\t\t\t\t\t\t\t<div class=\"elementor-element elementor-element-6c7e4069 elementor-widget elementor-widget-image\" data-id=\"6c7e4069\" data-element_type=\"widget\" data-widget_type=\"image.default\">\n\t\t\t\t<div class=\"elementor-widget-container\">\n\t\t\t\t\t\t\t\t\t\t\t\t\t\t\t<img loading=\"lazy\" decoding=\"async\" width=\"1280\" height=\"875\" src=\"https:\/\/www.geo-komp.pl\/wp-content\/uploads\/2023\/03\/office-desk-network-7611224.jpg\" class=\"elementor-animation-shrink attachment-full size-full wp-image-2037\" alt=\"office, desk, network-7611224.jpg\" srcset=\"https:\/\/www.geo-komp.pl\/wp-content\/uploads\/2023\/03\/office-desk-network-7611224.jpg 1280w, https:\/\/www.geo-komp.pl\/wp-content\/uploads\/2023\/03\/office-desk-network-7611224-300x205.jpg 300w, https:\/\/www.geo-komp.pl\/wp-content\/uploads\/2023\/03\/office-desk-network-7611224-1024x700.jpg 1024w, https:\/\/www.geo-komp.pl\/wp-content\/uploads\/2023\/03\/office-desk-network-7611224-768x525.jpg 768w\" sizes=\"auto, (max-width: 1280px) 100vw, 1280px\" \/>\t\t\t\t\t\t\t\t\t\t\t\t\t\t\t<\/div>\n\t\t\t\t<\/div>\n\t\t\t\t\t<\/div>\n\t\t<\/div>\n\t\t\t\t<div class=\"elementor-column elementor-col-50 elementor-top-column elementor-element elementor-element-2f2ca9f7\" data-id=\"2f2ca9f7\" data-element_type=\"column\">\n\t\t\t<div class=\"elementor-widget-wrap elementor-element-populated\">\n\t\t\t\t\t\t\t\t<div class=\"elementor-element elementor-element-75cb4360 elementor-widget elementor-widget-heading\" data-id=\"75cb4360\" data-element_type=\"widget\" data-widget_type=\"heading.default\">\n\t\t\t\t<div class=\"elementor-widget-container\">\n\t\t\t<h4 class=\"elementor-heading-title elementor-size-default\">Co zyskujesz?<\/h4>\t\t<\/div>\n\t\t\t\t<\/div>\n\t\t\t\t<div class=\"elementor-element elementor-element-7bde3b59 elementor-widget elementor-widget-text-editor\" data-id=\"7bde3b59\" data-element_type=\"widget\" data-widget_type=\"text-editor.default\">\n\t\t\t\t<div class=\"elementor-widget-container\">\n\t\t\t\t\t\t\t<ul><li>szybki i stabilny internet,<\/li><li>najwy\u017csza na rynku pr\u0119dko\u015b\u0107 wysy\u0142ania danych,<\/li><li>troska o sta\u0142ych i nowych klient\u00f3w,<\/li><li>us\u0142ugi \u015bwiadczone na najwy\u017cszym poziomie (sprawny serwis, poinformowane i dost\u0119pne biuro obs\u0142ugi klienta itd.).<\/li><\/ul>\t\t\t\t\t\t<\/div>\n\t\t\t\t<\/div>\n\t\t\t\t\t<\/div>\n\t\t<\/div>\n\t\t\t\t\t\t\t<\/div>\n\t\t<\/section>\n\t\t\t\t\t\t\t<\/div>\n\t\t","protected":false},"excerpt":{"rendered":"<p>Dostawca internetu \u015bwiat\u0142owodowego i bezprzewodowegoDo\u0142\u0105cz do nas ju\u017c teraz! Oferujemy najlepsz\u0105 jako\u015b\u0107 internetu \u015bwiat\u0142owodowego i bezprzewodowego. Zapoznaj si\u0119 z nasz\u0105 ofert\u0105 i ciesz si\u0119 niezawodnym dost\u0119pem do ulubionych witryn.&nbsp; Instalacja internetu \u015bwiat\u0142owodowego Klimk\u00f3wka Trwaj\u0105 zaawansowane prace intalacyjne, kt\u00f3re obejmuj\u0105 wykonanie sieci \u015bwiat\u0142owodowej oraz uruchamianie us\u0142ug w miejscowo\u015bci Klimk\u00f3wka. Ci mieszka\u0144cy,&nbsp; u kt\u00f3rych na s\u0142upach znajduje &hellip;<\/p>\n<p class=\"read-more\"> <a class=\"\" href=\"https:\/\/www.geo-komp.pl\/\"> <span class=\"screen-reader-text\">Strona G\u0142\u00f3wna<\/span> Read More &raquo;<\/a><\/p>\n","protected":false},"author":1,"featured_media":0,"parent":0,"menu_order":0,"comment_status":"closed","ping_status":"closed","template":"","meta":{"site-sidebar-layout":"no-sidebar","site-content-layout":"page-builder","ast-global-header-display":"","ast-main-header-display":"","ast-hfb-above-header-display":"","ast-hfb-below-header-display":"","ast-hfb-mobile-header-display":"","site-post-title":"disabled","ast-breadcrumbs-content":"","ast-featured-img":"disabled","footer-sml-layout":"","theme-transparent-header-meta":"enabled","adv-header-id-meta":"","stick-header-meta":"","header-above-stick-meta":"","header-main-stick-meta":"","header-below-stick-meta":"","footnotes":""},"class_list":["post-1663","page","type-page","status-publish","hentry"],"_links":{"self":[{"href":"https:\/\/www.geo-komp.pl\/index.php\/wp-json\/wp\/v2\/pages\/1663","targetHints":{"allow":["GET"]}}],"collection":[{"href":"https:\/\/www.geo-komp.pl\/index.php\/wp-json\/wp\/v2\/pages"}],"about":[{"href":"https:\/\/www.geo-komp.pl\/index.php\/wp-json\/wp\/v2\/types\/page"}],"author":[{"embeddable":true,"href":"https:\/\/www.geo-komp.pl\/index.php\/wp-json\/wp\/v2\/users\/1"}],"replies":[{"embeddable":true,"href":"https:\/\/www.geo-komp.pl\/index.php\/wp-json\/wp\/v2\/comments?post=1663"}],"version-history":[{"count":254,"href":"https:\/\/www.geo-komp.pl\/index.php\/wp-json\/wp\/v2\/pages\/1663\/revisions"}],"predecessor-version":[{"id":3209,"href":"https:\/\/www.geo-komp.pl\/index.php\/wp-json\/wp\/v2\/pages\/1663\/revisions\/3209"}],"wp:attachment":[{"href":"https:\/\/www.geo-komp.pl\/index.php\/wp-json\/wp\/v2\/media?parent=1663"}],"curies":[{"name":"wp","href":"https:\/\/api.w.org\/{rel}","templated":true}]}}